276 + -3317 - (2 - 0)?
-43
(-37 - (6 - 53)) + -3 + -2 + -21
-16
What is the value of (-1 - 8) + -34 + 3 + 50 + -2?
8
(49 - (96 - 62)) + -3
12
What is -55 + ((-1 - -9) + (-97 - -92) - -3 - 5)?
-54
(11 + (-6 - 6) + 5 - 9) + -8
-13
What is the value of 1 - (-28 + (36 - 21) + -50 + -2 + 0)?
66
Calculate -3 + -48 + (-284 + 331 - (29 + -1)).
-32
What is -14 - (-1 + -5 + 0 - (-22 - (-51 - -33)))?
-12
(0 - 78) + -4294 + 4328
-44
Evaluate -9 - 14 - -38 - (7 + -14 - -71).
-49
What is (175 - 128) + -76 - (-88 + -1)?
60
What is -46 + 3 + 19 + (-21 - -3 - -5)?
-37
What is the value of 1 - (-1 + 0) - (-2471 + 2438 - (-1 + -20))?
14
Calculate (3 + (6 + 3 - 4) - 7) + -8 + -29.
-36
What is (26 - -9 - 8) + 3 + -15 + 54?
69
(-16 - -12 - -27) + -12 + -85 + 14
-60
-72 - ((34 - 6) + -28 - ((2 - 2) + 7))
-65
What is 4 + 0 + (-69 + 93 + (-2 - 6) - 14)?
6
Calculate (14 + -2 - 68) + (10 - 0 - 3) + -9.
-58
What is the value of -14 + -64 + 51 + 3?
-24
Evaluate 29 - (554 - 554 - (68 + -2)).
95
Evaluate 36 - (-21 - -13) - 8 - (0 - -12).
24
Evaluate -192 + 148 - (-20 + 95).
-119
What is (83 - 23) + (-164 - -103)?
-1
What is 1233 + -1343 - (-25 + (2 - -3))?
-90
-27 + (42 - 1) + -62
-48
-10 - (17 - ((-56 - (-8 + -7)) + 13))
-55
23 + (-44 - 50) + 48
-23
What is the value of -6 + 0 - (-120 + 128 + 95 + 2 + -3)?
-108
Calculate (-104 - 35) + ((-12 - -5) + 10 - -18).
-118
Evaluate 57 - 1 - (-9013 + 9177).
-108
What is the value of 10 + (-10 + -35 - -35) - (12 - 1)?
-11
Calculate -80 + 39 + 21 - -74.
54
Evaluate (1 - -22) + (1 + 115 - 147).
-8
Calculate (-112 - -103) + (-103 - -30) + -26.
-108
Evaluate 1 - -6 - (-81 + (-19 - -84)).
23
What is -21 - (2 + 2 + 14 - 48)?
9
Calculate -148 - (2 + -98) - (3 - 46).
-9
Calculate -947 + 904 - (-1 - 26).
-16
What is the value of -34 + 23 + -27 - -35 - -25?
22
What is the value of 198 + 28 + -112 + 40 + -41?
113
Calculate -42 - (-77 - 4) - 76.
-37
What is (-42 - 38 - -52) + -36?
-64
6 + -35 + (12 - 5)
-22
Calculate (7 - (-65 + (-11 - -22))) + -12 + -21 + 20.
48
(411 + -472 - (2 + -70)) + (1 + -80 - 1)
-73
Calculate (84 - 65) + 2 + -46 + 3 - -92.
70
Evaluate (20 - 9) + -14 + 50 - (-2 - -10).
39
Evaluate -3052 - -3060 - (-60 + 0).
68
What is 2 + -52 - (-307 - -257)?
0
39 + -48 + (44 - (6 + -8 - -6))
31
What is the value of (5 + -12 - (-7 + 19 + -15)) + 30?
26
What is the value of -63 + (-12 - (-18 + -34))?
-23
Calculate 58 - (-42 + -8 + 148).
-40
24 - (-13 + (29 - -22))
-14
What is the value of (4 - ((-21 - -38) + -2)) + 2?
-9
What is the value of 24 + (16 - 41) - ((1 + -2 - 0) + 49)?
-49
What is the value of (25 - 106) + 1 - 4?
-84
(0 - 1) + -51 - (36 - -40 - 63)
-65
What is the value of 4 + (20 - 27) + (6 - (-8 - 14))?
25
What is the value of (48 - 19 - 11 - 78) + -34?
-94
What is the value of -7 - -3 - ((-29 - 15) + 24)?
16
(-4 + 0 + 2 - (-45 - (-148 + 61))) + -10
-54
What is the value of -7 - (2 - 0) - (-31 + 14 - (-2 + 4))?
10
What is 57 - -17 - (-34 + 74)?
34
Evaluate -9 + 11 + -6 + (14 - 21 - (3 - -3)).
-17
(19 - (21 - 9 - 15)) + (-3 - 9)
10
What is the value of -47 + -6 + (-5 - -18 - (-3 - -18))?
-55
What is the value of 10 + (-12 - (-12 - (6 + -4 - 5)))?
7
Calculate (-7 - (-19 - 102)) + 10 + -25.
99
(-1 - -4) + 2 - ((61 - 35) + -41 - 120)
140
Evaluate (-51 - -58) + (14 - ((-9 - 3 - -6) + 11)).
16
What is (9 + -8 - (2 + -7)) + 0 + 3 - -43?
52
What is the value of 47 + -92 + (-10 - -25) + 46?
16
Evaluate (-12 - (-6 + -7 - -8)) + 21 + (-2 - 8).
4
-1 - -26 - (1211 - 1149)
-37
What is 1 + (-1 - (-2 + 37)) + (30 + 7 - 37)?
-35
Evaluate -2 + 12 + 4 + -1 + -4 + 5 + 1.
15
What is the value of (-32 - 1) + 2 - (1057 - 1148)?
60
What is the value of -237 - -185 - (-90 - 2)?
40
Calculate 47 - -1 - (-1986 + 2044).
-10
25 + (-7 - -6 - -7) + -4 - -1
28
52 + -64 + 2 + 10
0
What is 14 + (-12 - -33) - 5 - -33?
63
What is the value of -21 + 1 - (-174 - (-19 - 37))?
98
What is 1 + (-3 - -3 - (-24 + 36)) - -8?
-3
Evaluate 45 + (41 - (34 - -19)).
33
Evaluate (-57 - -14) + -5 + (7 - 9).
-50
Evaluate -1 - 114 - (-141 + -52 + 154).
-76
10 + (-6 + -3 - -9 - -7 - 1) + 6
22
20 + -5 + 37 + -86
-34
What is the value of -61 + 68 + -42 + 29?
-6
What is 51 - (100 - (141 + -80))?
12
What is -104 + 131 - (-1 - 0 - (-12 - -4 - 3))?
17
What is the value of 47 + (32 - 130) + 18?
-33
Evaluate 6 + (-55 - -48) + 4 + -7 + 4.
0
Calculate -654 + 608 - (4 + -1).
-49
Evaluate (-44 - (55 + -149)) + -75.
-25
402 + -392 - (9 + -2 + 2 + 1)
0
What is (-621 - -588) + (19 - 0 - -2)?
-12
57 + (81 - (-83 - -195))
26
Evaluate (69 - -15) + -58 + -1.
25
What is the value of -37 + 21 + 12 - (28 - -8)?
-40
What is 1 - -28 - (36 + 15 + 18)?
-40
What is 20 + 308 + -212 + (-16 - 1) - 16?
83
Calculate -22 - (10 - -15 - 52) - -45.
50
What is the value of -8 + (4 + 9 + (2 - 26) - -2)?
-17
Calculate (-1 + -13 - -1) + -10944 + 10950 - (-80 + 4).
69
Evaluate (5 - 21) + (-10 - 12 - (-16 + 21)).
-43
What is the value of (60 - 0) + (17692 - 17716)?
36
Calculate (17 + (-8 - 7) - -3) + -5.
0
Evaluate (-56 - -1 - (-328 - -308)) + -9.
-44
What is the value of (-53 - -95 - 78) + 63?
27
-5 + -8 + 0 + 3 + 11
1
Calculate -42 + (44 - (-4 + -4)).
10
Calculate 25 - -1 - ((1 - 28) + 2 - -40) - -5.
16
Evaluate -1 + (-37 + 45 - 13).
-6
(275 + -278 + (1 + 7 - 2) - 1) + -112
-110
What is -106 + 1 - (93 + 11 + -124)?
-85
What is 211 + 113 + -360 - (-1 - 78)?
43
What is the value of -17 + 10 - (-83 + (-5 - -10) + (6 - 4))?
69
Calculate (33 - (-83 - -150)) + (-5 - 3) + -1.
-43
Calculate 6 + 15 - 9 - 24 - -16.
4
Evaluate 80 - (133 - 59) - (1 - 11).
16
Evaluate 10 + 0 - (2 + 7 + (103 - 115)).
13
Evaluate 10 + (70 + -32 - -132 - (5 + 21)).
154
Evaluate (199 - (38 + 193)) + -3 + -3.
-38
What is the value of -14 - (-2 - -1 - -2 - (19 - 4))?
0
What is the value of (-11 - 2) + -685 + 656 + -8?
-50
Calculate 66 + 12 - (-25 + 77).
26
What is the value of -6 + (1 + -56 - (-2 + 0)) + 0 - -8?
-51
Calculate 2 - 6 - -7 - (-3 + -8 + -23) - -9.
46
What is 3433 + -3423 - (-1 + (38 - -1))?
-28
133 + -26 + -184 + 148
71
-5 + (-37 - 0 - (-7 - (-13 + 4 + -2)))
-46
Evaluate 7 + -39 + 21 + 23 - 9.
3
Evaluate 218 + -265 + (-4 - -29) - -16.
-6
Calculate -19 - -6 - -48 - (96 + -5).
-56
Calculate -11 - ((53 + -25 - 5) + -8).
-26
What is the value of (-8 + 26 - 3) + (16 + -16 - -23)?
38
(833 - 868) + (-3 - -47)
9
What is the value of -24 - (23 + -11 + 6)?
-42
Evaluate -3 - (2 + -7) - (25 - (-10 + 24)).
-9
What is the value of (8 + 27 - 15) + (2 - 122 - -1)?
-99
2 - (-67 + (40 - -35))
-6
What is the value of 85 - (-1 + (-1 - -8) - -3)?
76
53 - (116 + -125 - (0 - (1 - (-16 + -2))))
43
What is the value of (-911 - -912) + (24 + 1 + 5 - 6)?
25
What is -43 + 5 + -19 + 25 - (-2 + (11 - 3))?
-38
What is the value of (-142 - -131) + (5 + 7 - (-2 + 1))?
2
What is the value of 13 + -1 - (-175 + 44 + 96)?
47
Evaluate 65 + (-121 - -32) + 21.
-3
14 - -24 - 51 - (4 - 3 - (1 - 6))
-19
-11 + -5 + -75 + 77 + (10 - 0) - 36
-40
What is the value of (0 - -7) + -20 + -2 - (8 + (7 - 10))?
-20
What is the value of (180 + -360 - -161) + 0 + -16?
-35
13 + 1 + -25 + 36 - -26
51
Calculate (-1 - 17 - -8) + (-4 - -3).
-11
What is the value of -22 + -49 + 102 + -47?
-16
Evaluate 1 + 1 + ((0 - 12) + (203 - 176) - -8).
25
Evaluate 5 - 17 - 10 - (158 + -174).
-6
What is the value of (54 - 80 - -19) + 19?
12
Evaluate -13 - 1 - -21 - (-55 + 0 + (-3 - -3)).
62
Evaluate -9 + (3 - 17 - (58 + -68)) - 4.
-17
36 + 1 + (-74 + 150 - 82) - -9
40
Evaluate -15 - -29 - (1 + 4) - 2.
7
Calculate (-2 - 65) + (-139 - -268).
62
What is the value of -40 - (56 + -119 + 27)?
-4
Calculate 13 + (3 - 1) + (16 - 23 - 17) + 17.
8
-174 - -163 - (-1 - (-3 + -1) - 6)
-8
Calculate (409 - (126 + 288)) + (0 - (-1 + 106)).
-110
Evaluate 32 + (13 - 71 - -33) - 69.
-62
What is -46 - (57 + -103) - -28?
28
24 + (11 - 2) + -42 + (157 - 0)
148
What is -34 + 1 + (22 - (38 - 28))?
-21
What is 27 + (58 - 5 - (245 + -240))?
75
-49 + 301 + -229 - (0 + -1 - -101)
-77
Calculate (-4 + -1 - -30) + -62 + 65 + (-1 - 9).
18
What is 4 - -2 - 16 - (-3 - (6 - 9) - -63)?
-73
What is the value of 0 + -14 + -10 + 21 + -48?
-51
What is -32 + (-80 - -70) + 2 + -26?
-66
What is (22 - 7) + -1 + -49?
-35
What is 4 + 9 + -4 - (11 + -2 + 9 + -29)?
20
6 + (-42 - -13) - -17 - (-2 + 0) - 42
-46
Calculate -51 + 21 + 32 + (1 - (0 - 3)) + 18.
24
Evalu